n?
1
Suppose -3*k + 4 = -5. Suppose 4*w + n = 122 - 10, -5*n - 107 = -3*w. Let g = k + w. What is the tens digit of g?
3
Let u(h) = -h - 1. Let z be u(5). Suppose 4*r - 12 - 14 = 3*o, 0 = -4*o + r - 13. What is the units digit of (-1 - o)/(z/(-138))?
3
Suppose -33*s + 29*s + 2872 = 0. What is the units digit of s?
8
Let t(q) = q**3 + 30*q**2 + 74*q + 10. What is the tens digit of t(-26)?
9
Let v = 96 + -214. Let k = 221 + v. What is the tens digit of k?
0
Let m = -83 - -87. Suppose -u + 42 = 4*l - 7, m*l = -2*u + 46. What is the tens digit of l?
1
Let m(x) = -70*x - 225. What is the thousands digit of m(-26)?
1
Suppose 0 = 565*t - 567*t + 1532. What is the units digit of t?
6
Let o(k) = -2*k**3 - 5*k**2 + 12*k - 1. Suppose -z + 5 = 5*v, -2*z - 3*v = z + 9. What is the tens digit of o(z)?
6
Suppose -1 = 2*v - 17. Suppose 160 = 12*i - v*i. What is the tens digit of i?
4
Suppose 0 = 2*u - 2*m - 9222, -3*m = -4*u + 7*u - 13809. What is the thousands digit of u?
4
Suppose 4*a = a - 57. Let p = 89 + a. Let b = p + -40. What is the units digit of b?
0
Suppose -5*t + 2730 = -5*u - 0*u, 4*t - 2186 = 2*u. What is the hundreds digit of t?
5
Let u = -5604 - -9949. What is the hundreds digit of u?
3
What is the units digit of (3*(-499)/(-3))/((-20)/(-20))?
9
Let w(p) = 19*p**2 - 4*p + 85. What is the hundreds digit of w(7)?
9
Let y(k) be the third derivative of k**4/4 - 3*k**3/2 - 14*k**2. What is the units digit of y(15)?
1
Let o = 1140 - 62. What is the thousands digit of o?
1
Let f = 627 + -331. Let s = f - 211. What is the tens digit of s?
8
Let m = 685 - 401. Suppose -21*c + 23*c = m. What is the units digit of c?
2
Let g = -2700 - -4869. What is the hundreds digit of g?
1
Suppose 0 = 45*v - 20*v - 7850. What is the hundreds digit of v?
3
Let u(f) be the third derivative of 9*f**5/20 + f**4/8 + f**3/2 - 25*f**2. What is the tens digit of u(-2)?
0
What is the hundreds digit of -8*(-3)/12 - 7*-145?
0
Suppose -o + 8 = 2. Suppose z + o*k - 93 = 3*k, -4*k + 188 = 2*z. What is the tens digit of z?
9
Let j = -528 + 1220. What is the hundreds digit of j/3 + ((-2)/(-6) - 0)?
2
Suppose 3*c = 5 + 13. Suppose -c*o + 415 + 53 = 0. What is the units digit of o?
8
Let j = 22 - 18. Suppose -t - 92 = -v, 4*t - 184 = -2*v - t. Suppose -j*w = -v - 8. What is the tens digit of w?
2
Let m be (-2472)/(-1) + 0 + 0. Suppose 6*c + 6*c = m. What is the hundreds digit of c?
2
Let a(x) = -3*x + 43. Let c(h) = -h + 22. Let v(j) = -2*a(j) + 5*c(j). What is the tens digit of v(10)?
3
Suppose 7009 = 2*v - 10*k + 15*k, -2*v + 6991 = -k. What is the hundreds digit of v?
4
Suppose -5*v = b - 30, 11 = 3*v - 4. Suppose t - 49 = b*r, -t - 9 = 2*r - 51. What is the tens digit of t?
4
Let i = -42 - -15. Suppose 0 = 3*u + 2*t + 6, -3*u + t = -0*u + 6. What is the units digit of 2*(i/u + 2)?
1
Suppose 0 = 4*i - b - 38, 3*b - 26 = -2*i + 7*b. Suppose n + 0 + i = 0. What is the units digit of n*(0 - (4 - 1))?
7
Suppose 0 = 2*h - 3*h - 6. Let m(f) = f + 12. Let b be m(h). Suppose -b*w + 108 = -168. What is the units digit of w?
6
Suppose 0 = -79*c + 76*c + 10806. What is the hundreds digit of c?
6
Suppose t + 13 = -1. What is the tens digit of (-6960)/(-112) + 2/t?
6
Let j be ((-5)/15)/((-2)/54). Let z be j/(-36)*(1 + -5). Let q = z - -8. What is the units digit of q?
9
Let d(k) = k**2 + 4*k - 11. Suppose 15*u = 14*u - 8. Let w be ((-30)/u)/((-12)/32). What is the tens digit of d(w)?
4
Suppose -31 + 877 = 3*l - 3*w, 0 = -3*l + 2*w + 846. What is the hundreds digit of l?
2
Let s = -1378 - -2272. What is the tens digit of s?
9
Suppose -4*u = -78 - 34. Suppose -5*g + u = -2. What is the units digit of (3 - g)/(-3) - -11?
2
Suppose -4*y - a + 3 = -0, -15 = -y - 5*a. Suppose y = -3*p + 93 + 132. What is the units digit of p?
5
Let y(p) = 10*p**2 + p - 13. What is the hundreds digit of y(-8)?
6
Let t(z) = -z + 10. Let x(o) = -2*o + 21. Let d(h) = -13*t(h) + 6*x(h). Let f(g) = g**3 - 6*g**2 + g. Let v be f(6). What is the units digit of d(v)?
2
Let h be (-5)/((-3)/((-12)/(-4))). Let s(u) = u**2 - 6*u + 23. What is the tens digit of s(h)?
1
Let j(i) = -3*i + 84. Let h = 5 - 5. What is the units digit of j(h)?
4
Let x = -14 - -17. Let d be ((-1)/x)/((-2)/(-6)). What is the units digit of (1/2)/(d/(-22))?
1
Suppose -6*x + 3363 + 16593 = 0. What is the thousands digit of x?
3
Let p(y) = -y**3 + 10*y**2 - 17*y + 2. Let n be p(8). Let c(w) = -w**3 - 3*w**2 + 8*w + 13. What is the units digit of c(n)?
3
Suppose 4 = -4*r + 12. Suppose -m = 2*s - 78, -7*m + 3*s + 351 = -r*m. Suppose 0 = 3*w + i - 44, -2*w - i + m = 3*w. What is the units digit of w?
4
Let a(y) = y**3 - 9*y**2 + 20*y - 10. Let r be a(6). Suppose 3336 = 10*o + r*o. What is the units digit of o?
8
Suppose 0 = 2*b - 5*m - 8520, -2*m + 4*m + 17040 = 4*b. What is the tens digit of b?
6
Let f = 198 - 411. Let z = -61 - f. What is the tens digit of z?
5
Let y = 0 - -31. Let n = y - 28. Suppose 60 = 2*k - 3*f + 4*f, 100 = n*k - f. What is the tens digit of k?
3
Let g(x) be the first derivative of x**3/3 - x**2/2 + 34*x - 3. Let t be g(0). Suppose 82 = 2*h + t. What is the tens digit of h?
2
Let y(k) = -k + 17. Let d be y(-7). Let q = d + -16. What is the tens digit of (-818)/(-14) - q/(-14)?
5
Let z = 104 - 112. What is the tens digit of 1 + 1231/4 + (-2)/z?
0
Let a(r) = 8*r**2 + 14*r - 251. What is the units digit of a(11)?
1
What is the units digit of 5*39*3542/105?
8
Let k(c) be the second derivative of c**5/20 - c**4/6 - c**3/2 + 3*c**2/2 - 4*c. Let g be 12/20 - (-12)/5. What is the units digit of k(g)?
3
Suppose 9*p = -p + 12910. What is the hundreds digit of p?
2
Let l(j) = j**3 - j**2 - 2*j - 1. Let f be l(-3). Let y be (1053/(-18) - 11) + 2/(-4). Let x = f - y. What is the units digit of x?
9
Suppose 93 = 14*k - 33. What is the units digit of k?
9
Let q = 1 + -6. Let v = 3 + q. Let l = v - -40. What is the units digit of l?
8
What is the hundreds digit of (172/(-10) - 0)*-10?
1
Suppose 4*a + 2*b = 0, -b - 8 = -4*a + b. Let q be 2*a/(-3)*3. What is the units digit of (-1442)/(-42) - q/(-6)?
4
Let q(s) = -11*s**3 + 6*s**2 - 3*s + 5. Let w(r) = 21*r**3 - 11*r**2 + 6*r - 9. Let g(u) = 11*q(u) + 6*w(u). What is the units digit of g(2)?
7
Let x be (-5)/(10/(-46)) + -2. Let k = x + 12. What is the units digit of k?
3
Suppose s = 5*q - 4*s - 5620, 0 = -2*s + 2. What is the hundreds digit of q?
1
Suppose 3*d - 10 - 2 = 0. Suppose -2*v - 2*m - 49 = m, -5*m - 101 = d*v. Let n = v - -57. What is the tens digit of n?
2
Let z(f) be the first derivative of 7*f**2 - 4. What is the tens digit of z(3)?
4
Let m = 428 - -185. Let u = m + -326. What is the tens digit of u?
8
Suppose 7*c + 3*c + 120 = 0. Let f(x) = -16*x + 13. What is the units digit of f(c)?
5
Let n = 1563 - 1113. What is the hundreds digit of n?
4
Let h(b) = 13*b**2 + b + 1. Suppose -8 = -5*p + 27. Suppose 7 = 4*z - 3*z - f, 0 = -4*z - 3*f - p. What is the units digit of h(z)?
5
Suppose 0 = -5*c - 2*h + 7351, 3*c + h + 1005 = 5415. What is the tens digit of c?
6
Suppose 4*a - 4600 = -3*c, 2*a + 3*a + 1546 = c. What is the units digit of (1/3)/(8/c)?
4
Suppose 4*h + 6 = 14. What is the tens digit of 178/(-2)*(-2)/h?
8
Let j = 73 - 73. Suppose j = 2*d + 8, 2*i + 2*d - 29 = -5. What is the units digit of i?
6
What is the hundreds digit of 112/(-10)*950/(-76)?
1
Let w(z) = -5*z + 139. What is the units digit of w(16)?
9
Suppose 2*u - 24*g + 25*g = 1083, 2*u - 2*g = 1080. What is the units digit of u?
1
Let w(z) = 27*z**3 + z**2 + z - 1. Let h be w(1). Suppose -h + 25 = -c. What is the tens digit of (-74)/c*3/(-2)?
3
What is the tens digit of (1026/(-45))/(-3 + (-598)/(-200))?
8
Let b(n) = -5*n**3 + 8*n**2 + 3*n + 19. What is the hundreds digit of b(-5)?
8
Let p = 38 + -45. What is the tens digit of (-397)/p - (-2)/7?
5
Let r(z) = 3*z**3 - z**2 - 1. Let m(t) = 4*t**3 - t**2 - t - 2. Let n(u) = -5*m(u) + 6*r(u). Let c be (11 - 8)*(-1)/1. What is the units digit of n(c)?
4
Suppose -6*l = -3*l - 24. Suppose 4*u = -n + 23, 0 = 2*u + 2*u - 4*n - l. Suppose -u*p = -2 - 108. What is the tens digit of p?
2
Let c be (-2)/(2 - 120/57). Suppose -21*a + 64 = -146. Suppose -x + c = -a. What is the units digit of x?
9
Let k(j) = j**2 - j + 1. Let u be k(-3). Let s be u + 2 + 1 + -6. What is the units digit of (-